CRAN Package Check Results for Package univariateML

Last updated on 2020-12-04 00:48:37 CET.

Flavor Version Tinstall Tcheck Ttotal Status Flags
r-devel-linux-x86_64-debian-clang 1.1.0 5.94 114.38 120.32 OK
r-devel-linux-x86_64-debian-gcc 1.1.0 4.42 80.68 85.10 OK
r-devel-linux-x86_64-fedora-clang 1.1.0 141.50 NOTE
r-devel-linux-x86_64-fedora-gcc 1.1.0 132.37 NOTE
r-devel-windows-ix86+x86_64 1.1.0 10.00 121.00 131.00 OK
r-patched-linux-x86_64 1.1.0 5.20 111.00 116.20 OK
r-patched-solaris-x86 1.1.0 198.20 NOTE
r-release-linux-x86_64 1.1.0 5.15 107.04 112.19 OK
r-release-macos-x86_64 1.1.0 NOTE
r-release-windows-ix86+x86_64 1.1.0 7.00 135.00 142.00 OK
r-oldrel-macos-x86_64 1.1.0 NOTE
r-oldrel-windows-ix86+x86_64 1.1.0 6.00 141.00 147.00 OK

Check Details

Version: 1.1.0
Check: dependencies in R code
Result: NOTE
    Namespaces in Imports field not imported from:
     ‘extraDistr’ ‘logitnorm’ ‘nakagami’ ‘tibble’
     All declared Imports should be used.
Flavors: r-devel-linux-x86_64-fedora-clang, r-devel-linux-x86_64-fedora-gcc, r-patched-solaris-x86, r-release-macos-x86_64, r-oldrel-macos-x86_64