CRAN Package Check Results for Package umx

Last updated on 2020-12-04 00:48:37 CET.

Flavor Version Tinstall Tcheck Ttotal Status Flags
r-devel-linux-x86_64-debian-clang 4.0.0 35.02 326.70 361.72 OK
r-devel-linux-x86_64-debian-gcc 4.0.0 27.36 229.55 256.91 OK
r-devel-linux-x86_64-fedora-clang 4.0.0 411.92 NOTE
r-devel-linux-x86_64-fedora-gcc 4.0.0 411.76 OK
r-devel-windows-ix86+x86_64 4.0.0 61.00 358.00 419.00 NOTE
r-patched-linux-x86_64 4.0.0 35.13 283.05 318.18 OK
r-patched-solaris-x86 4.0.0 372.90 ERROR
r-release-linux-x86_64 4.0.0 33.58 285.35 318.93 OK
r-release-macos-x86_64 4.0.0 NOTE
r-release-windows-ix86+x86_64 4.0.0 42.00 336.00 378.00 NOTE
r-oldrel-macos-x86_64 4.0.0 NOTE
r-oldrel-windows-ix86+x86_64 4.0.0 56.00 414.00 470.00 NOTE

Check Details

Version: 4.0.0
Check: installed package size
Result: NOTE
     installed size is 5.3Mb
     sub-directories of 1Mb or more:
     help 3.9Mb
Flavors: r-devel-linux-x86_64-fedora-clang, r-devel-windows-ix86+x86_64, r-patched-solaris-x86, r-release-macos-x86_64, r-release-windows-ix86+x86_64, r-oldrel-macos-x86_64, r-oldrel-windows-ix86+x86_64

Version: 4.0.0
Check: Rd cross-references
Result: NOTE
    Undeclared package ‘sem’ in Rd xrefs
Flavor: r-devel-linux-x86_64-fedora-clang

Version: 4.0.0
Check: examples
Result: ERROR
    Running examples in ‘umx-Ex.R’ failed
    The error most likely occurred in:
    
    > ### Name: RMSEA.MxModel
    > ### Title: RMSEA function for MxModels
    > ### Aliases: RMSEA.MxModel
    >
    > ### ** Examples
    >
    > require(umx)
    > data(demoOneFactor)
    > manifests = names(demoOneFactor)
    >
    > m1 = umxRAM("One Factor", data = demoOneFactor, type = "cov",
    + umxPath("G", to = manifests),
    + umxPath(var = manifests),
    + umxPath(var = "G", fixedAt = 1)
    + )
    A latent variable 'G' was created.
    Running One Factor with 10 parameters
    
     *** caught segfault ***
    address 0, cause 'memory not mapped'
    
    Traceback:
     1: runHelper(model, frontendStart, intervals, silent, suppressWarnings, unsafe, checkpoint, useSocket, onlyFrontend, useOptimizer, beginMessage)
     2: mxRun(model1, beginMessage = !umx_set_silent(silent = TRUE), silent = umx_set_silent(silent = TRUE))
     3: doTryCatch(return(expr), name, parentenv, handler)
     4: tryCatchOne(expr, names, parentenv, handlers[[1L]])
     5: tryCatchList(expr, classes, parentenv, handlers)
     6: tryCatch({ if (tryHard == "no") { model1 = mxRun(model1, beginMessage = !umx_set_silent(silent = TRUE), silent = umx_set_silent(silent = TRUE)) } else if (tryHard == "mxTryHard") { model1 = mxTryHard(model1) } else if (tryHard == "mxTryHardOrdinal") { model1 = mxTryHardOrdinal(model1) } else if (tryHard == "mxTryHardWideSearch") { model1 = mxTryHardWideSearch(model1) }}, error = function(e) { if (tryHard == "no") { message("Error incurred trying to run model: model = mxTryHard(model) might help?") } else { message("Error incurred trying to run model") } message(e)})
     7: xmu_safe_run_summary(newModel, autoRun = autoRun, tryHard = tryHard, std = std)
     8: umxRAM("One Factor", data = demoOneFactor, type = "cov", umxPath("G", to = manifests), umxPath(var = manifests), umxPath(var = "G", fixedAt = 1))
    An irrecoverable exception occurred. R is aborting now ...
Flavor: r-patched-solaris-x86