CRAN Package Check Results for Package txshift

Last updated on 2020-12-04 00:48:37 CET.

Flavor Version Tinstall Tcheck Ttotal Status Flags
r-devel-linux-x86_64-debian-clang 0.3.4 12.62 182.89 195.51 NOTE
r-devel-linux-x86_64-debian-gcc 0.3.4 10.85 132.14 142.99 NOTE
r-devel-linux-x86_64-fedora-clang 0.3.4 228.19 NOTE
r-devel-linux-x86_64-fedora-gcc 0.3.4 220.24 NOTE
r-devel-windows-ix86+x86_64 0.3.4 28.00 163.00 191.00 NOTE
r-patched-linux-x86_64 0.3.4 13.09 167.45 180.54 NOTE
r-patched-solaris-x86 0.3.4 302.80 NOTE
r-release-linux-x86_64 0.3.4 11.79 166.91 178.70 NOTE
r-release-macos-x86_64 0.3.4 NOTE
r-release-windows-ix86+x86_64 0.3.4 19.00 182.00 201.00 NOTE
r-oldrel-macos-x86_64 0.3.4 WARN
r-oldrel-windows-ix86+x86_64 0.3.4 21.00 196.00 217.00 NOTE

Check Details

Version: 0.3.4
Check: package dependencies
Result: NOTE
    Package which this enhances but not available for checking: 'sl3'
Flavors: r-devel-linux-x86_64-debian-clang, r-devel-linux-x86_64-debian-gcc, r-devel-linux-x86_64-fedora-clang, r-devel-linux-x86_64-fedora-gcc, r-devel-windows-ix86+x86_64, r-patched-linux-x86_64, r-patched-solaris-x86, r-release-linux-x86_64, r-release-macos-x86_64, r-release-windows-ix86+x86_64, r-oldrel-macos-x86_64, r-oldrel-windows-ix86+x86_64

Version: 0.3.4
Check: Rd cross-references
Result: NOTE
    Unknown package 'sl3' in Rd xrefs
Flavors: r-devel-linux-x86_64-debian-clang, r-devel-linux-x86_64-debian-gcc, r-devel-linux-x86_64-fedora-clang, r-devel-linux-x86_64-fedora-gcc, r-devel-windows-ix86+x86_64, r-patched-linux-x86_64, r-patched-solaris-x86, r-release-linux-x86_64, r-release-macos-x86_64, r-release-windows-ix86+x86_64, r-oldrel-windows-ix86+x86_64

Version: 0.3.4
Check: Rd cross-references
Result: WARN
    Unknown package ‘sl3’ in Rd xrefs
Flavor: r-oldrel-macos-x86_64