CRAN Package Check Results for Package twn

Last updated on 2020-12-04 00:48:37 CET.

Flavor Version Tinstall Tcheck Ttotal Status Flags
r-devel-linux-x86_64-debian-clang 0.1.1 5.87 45.11 50.98 OK
r-devel-linux-x86_64-debian-gcc 0.1.1 4.74 37.99 42.73 OK
r-devel-linux-x86_64-fedora-clang 0.1.1 64.34 NOTE
r-devel-linux-x86_64-fedora-gcc 0.1.1 54.46 NOTE
r-devel-windows-ix86+x86_64 0.1.1 12.00 49.00 61.00 OK
r-patched-linux-x86_64 0.1.1 5.91 39.81 45.72 OK
r-patched-solaris-x86 0.1.1 79.30 NOTE
r-release-linux-x86_64 0.1.1 5.58 42.78 48.36 OK
r-release-macos-x86_64 0.1.1 NOTE
r-release-windows-ix86+x86_64 0.1.1 11.00 52.00 63.00 OK
r-oldrel-macos-x86_64 0.1.1 NOTE
r-oldrel-windows-ix86+x86_64 0.1.1 10.00 55.00 65.00 OK

Check Details

Version: 0.1.1
Check: data for non-ASCII characters
Result: NOTE
     Note: found 12 marked UTF-8 strings
Flavors: r-devel-linux-x86_64-fedora-clang, r-devel-linux-x86_64-fedora-gcc, r-patched-solaris-x86, r-release-macos-x86_64, r-oldrel-macos-x86_64