CRAN Package Check Results for Package tvthemes

Last updated on 2020-12-04 00:48:37 CET.

Flavor Version Tinstall Tcheck Ttotal Status Flags
r-devel-linux-x86_64-debian-clang 1.1.0 6.61 85.66 92.27 OK
r-devel-linux-x86_64-debian-gcc 1.1.0 6.00 66.62 72.62 OK
r-devel-linux-x86_64-fedora-clang 1.1.0 114.04 OK
r-devel-linux-x86_64-fedora-gcc 1.1.0 104.66 OK
r-devel-windows-ix86+x86_64 1.1.0 16.00 84.00 100.00 OK
r-patched-linux-x86_64 1.1.0 6.72 79.08 85.80 OK
r-patched-solaris-x86 1.1.0 139.10 NOTE
r-release-linux-x86_64 1.1.0 6.89 79.92 86.81 OK
r-release-macos-x86_64 1.1.0 OK
r-release-windows-ix86+x86_64 1.1.0 12.00 100.00 112.00 OK
r-oldrel-macos-x86_64 1.1.0 OK
r-oldrel-windows-ix86+x86_64 1.1.0 12.00 115.00 127.00 OK

Check Details

Version: 1.1.0
Check: installed package size
Result: NOTE
     installed size is 5.3Mb
     sub-directories of 1Mb or more:
     doc 1.5Mb
     fonts 2.9Mb
Flavor: r-patched-solaris-x86