CRAN Package Check Results for Package tuneRanger

Last updated on 2020-12-04 00:48:37 CET.

Flavor Version Tinstall Tcheck Ttotal Status Flags
r-devel-linux-x86_64-debian-clang 0.5 13.43 138.34 151.77 OK
r-devel-linux-x86_64-debian-gcc 0.5 10.13 109.23 119.36 OK
r-devel-linux-x86_64-fedora-clang 0.5 186.70 NOTE
r-devel-linux-x86_64-fedora-gcc 0.5 178.69 OK
r-devel-windows-ix86+x86_64 0.5 31.00 120.00 151.00 OK
r-patched-linux-x86_64 0.5 12.24 131.07 143.31 OK
r-patched-solaris-x86 0.5 343.80 OK
r-release-linux-x86_64 0.5 12.87 128.79 141.66 OK
r-release-macos-x86_64 0.5 OK
r-release-windows-ix86+x86_64 0.5 24.00 139.00 163.00 OK
r-oldrel-macos-x86_64 0.5 OK
r-oldrel-windows-ix86+x86_64 0.5 28.00 152.00 180.00 OK

Check Details

Version: 0.5
Check: Rd cross-references
Result: NOTE
    Undeclared package ‘randomForest’ in Rd xrefs
Flavor: r-devel-linux-x86_64-fedora-clang