CRAN Package Check Results for Package ttestshiny

Last updated on 2020-12-04 00:48:37 CET.

Flavor Version Tinstall Tcheck Ttotal Status Flags
r-devel-linux-x86_64-debian-clang 0.1.0 2.46 21.68 24.14 OK
r-devel-linux-x86_64-debian-gcc 0.1.0 2.49 22.11 24.60 OK
r-devel-linux-x86_64-fedora-clang 0.1.0 33.16 NOTE
r-devel-linux-x86_64-fedora-gcc 0.1.0 23.41 NOTE
r-devel-windows-ix86+x86_64 0.1.0 5.00 27.00 32.00 OK
r-patched-linux-x86_64 0.1.0 2.84 20.98 23.82 OK
r-patched-solaris-x86 0.1.0 37.50 NOTE
r-release-linux-x86_64 0.1.0 2.28 21.35 23.63 OK
r-release-macos-x86_64 0.1.0 NOTE
r-release-windows-ix86+x86_64 0.1.0 4.00 35.00 39.00 OK
r-oldrel-macos-x86_64 0.1.0 NOTE
r-oldrel-windows-ix86+x86_64 0.1.0 3.00 34.00 37.00 OK

Check Details

Version: 0.1.0
Check: dependencies in R code
Result: NOTE
    Namespaces in Imports field not imported from:
     ‘dplyr’ ‘shinyAce’ ‘shinyjs’
     All declared Imports should be used.
Flavors: r-devel-linux-x86_64-fedora-clang, r-devel-linux-x86_64-fedora-gcc, r-patched-solaris-x86, r-release-macos-x86_64, r-oldrel-macos-x86_64