Last updated on 2020-12-04 00:48:37 CET.
Flavor | Version | Tinstall | Tcheck | Ttotal | Status | Flags |
---|---|---|---|---|---|---|
r-devel-linux-x86_64-debian-clang | 1.2 | 16.74 | 129.18 | 145.92 | OK | |
r-devel-linux-x86_64-debian-gcc | 1.2 | 13.10 | 98.89 | 111.99 | OK | |
r-devel-linux-x86_64-fedora-clang | 1.2 | 173.10 | NOTE | |||
r-devel-linux-x86_64-fedora-gcc | 1.2 | 163.18 | NOTE | |||
r-devel-windows-ix86+x86_64 | 1.2 | 37.00 | 143.00 | 180.00 | OK | |
r-patched-linux-x86_64 | 1.2 | 13.98 | 114.17 | 128.15 | OK | |
r-patched-solaris-x86 | 1.2 | 251.90 | OK | |||
r-release-linux-x86_64 | 1.2 | 16.73 | 114.97 | 131.70 | OK | |
r-release-macos-x86_64 | 1.2 | OK | ||||
r-release-windows-ix86+x86_64 | 1.2 | 29.00 | 149.00 | 178.00 | OK | |
r-oldrel-macos-x86_64 | 1.2 | OK | ||||
r-oldrel-windows-ix86+x86_64 | 1.2 | 29.00 | 186.00 | 215.00 | OK |
Version: 1.2
Check: compiled code
Result: NOTE
File ‘tspmeta/libs/tspmeta.so’:
Found no calls to: ‘R_registerRoutines’, ‘R_useDynamicSymbols’
It is good practice to register native routines and to disable symbol
search.
See ‘Writing portable packages’ in the ‘Writing R Extensions’ manual.
Flavors: r-devel-linux-x86_64-fedora-clang, r-devel-linux-x86_64-fedora-gcc