Last updated on 2020-12-04 00:48:37 CET.
Flavor | Version | Tinstall | Tcheck | Ttotal | Status | Flags |
---|---|---|---|---|---|---|
r-devel-linux-x86_64-debian-clang | 0.2.0 | 5.21 | 29.06 | 34.27 | OK | |
r-devel-linux-x86_64-debian-gcc | 0.2.0 | 5.33 | 25.39 | 30.72 | OK | |
r-devel-linux-x86_64-fedora-clang | 0.2.0 | 44.90 | NOTE | |||
r-devel-linux-x86_64-fedora-gcc | 0.2.0 | 35.42 | NOTE | |||
r-devel-windows-ix86+x86_64 | 0.2.0 | 11.00 | 36.00 | 47.00 | OK | |
r-patched-linux-x86_64 | 0.2.0 | 5.51 | 27.31 | 32.82 | OK | |
r-patched-solaris-x86 | 0.2.0 | 57.30 | NOTE | |||
r-release-linux-x86_64 | 0.2.0 | 4.52 | 27.93 | 32.45 | OK | |
r-release-macos-x86_64 | 0.2.0 | NOTE | ||||
r-release-windows-ix86+x86_64 | 0.2.0 | 7.00 | 39.00 | 46.00 | OK | |
r-oldrel-macos-x86_64 | 0.2.0 | NOTE | ||||
r-oldrel-windows-ix86+x86_64 | 0.2.0 | 7.00 | 43.00 | 50.00 | OK |
Version: 0.2.0
Check: dependencies in R code
Result: NOTE
Namespace in Imports field not imported from: ‘tsibble’
All declared Imports should be used.
Flavors: r-devel-linux-x86_64-fedora-clang, r-devel-linux-x86_64-fedora-gcc, r-patched-solaris-x86, r-release-macos-x86_64, r-oldrel-macos-x86_64