CRAN Package Check Results for Package tscount

Last updated on 2020-12-04 00:48:36 CET.

Flavor Version Tinstall Tcheck Ttotal Status Flags
r-devel-linux-x86_64-debian-clang 1.4.3 6.28 178.67 184.95 OK
r-devel-linux-x86_64-debian-gcc 1.4.3 5.15 121.86 127.01 OK
r-devel-linux-x86_64-fedora-clang 1.4.3 211.01 OK
r-devel-linux-x86_64-fedora-gcc 1.4.3 206.02 OK
r-devel-windows-ix86+x86_64 1.4.3 11.00 151.00 162.00 OK
r-patched-linux-x86_64 1.4.3 6.55 165.72 172.27 OK
r-patched-solaris-x86 1.4.3 230.60 OK
r-release-linux-x86_64 1.4.3 6.11 167.61 173.72 OK
r-release-macos-x86_64 1.4.3 OK
r-release-windows-ix86+x86_64 1.4.3 8.00 220.00 228.00 OK
r-oldrel-macos-x86_64 1.4.3 NOTE
r-oldrel-windows-ix86+x86_64 1.4.3 7.00 194.00 201.00 OK

Check Details

Version: 1.4.3
Check: re-building of vignette outputs
Result: NOTE
    Error(s) in re-building vignettes:
     ...
    --- re-building ‘tsglm.Rnw’ using Sweave
    Error: processing vignette 'tsglm.Rnw' failed with diagnostics:
    Running 'texi2dvi' on 'tsglm.tex' failed.
    LaTeX errors:
    !pdfTeX error: pdflatex (file bbm10): Font bbm10 at 657 not found
     ==> Fatal error occurred, no output PDF file produced!
    --- failed re-building 'tsglm.Rnw'
    
    SUMMARY: processing the following file failed:
     'tsglm.Rnw'
    
    Error: Vignette re-building failed.
    Execution halted
Flavor: r-oldrel-macos-x86_64