Last updated on 2020-12-04 00:48:36 CET.
Flavor | Version | Tinstall | Tcheck | Ttotal | Status | Flags |
---|---|---|---|---|---|---|
r-devel-linux-x86_64-debian-clang | 0.1.19 | 5.65 | 52.33 | 57.98 | OK | |
r-devel-linux-x86_64-debian-gcc | 0.1.19 | 5.36 | 40.67 | 46.03 | OK | |
r-devel-linux-x86_64-fedora-clang | 0.1.19 | 75.28 | OK | |||
r-devel-linux-x86_64-fedora-gcc | 0.1.19 | 64.95 | OK | |||
r-devel-windows-ix86+x86_64 | 0.1.19 | 15.00 | 57.00 | 72.00 | OK | |
r-patched-linux-x86_64 | 0.1.19 | 6.00 | 49.64 | 55.64 | OK | |
r-patched-solaris-x86 | 0.1.19 | 94.30 | NOTE | |||
r-release-linux-x86_64 | 0.1.19 | 6.44 | 48.11 | 54.55 | OK | |
r-release-macos-x86_64 | 0.1.19 | OK | ||||
r-release-windows-ix86+x86_64 | 0.1.19 | 11.00 | 65.00 | 76.00 | OK | |
r-oldrel-macos-x86_64 | 0.1.19 | OK | ||||
r-oldrel-windows-ix86+x86_64 | 0.1.19 | 10.00 | 81.00 | 91.00 | OK |
Version: 0.1.19
Check: package dependencies
Result: NOTE
Package suggested but not available for checking: ‘RPostgres’
Flavor: r-patched-solaris-x86