Last updated on 2020-12-04 00:48:36 CET.
Flavor | Version | Tinstall | Tcheck | Ttotal | Status | Flags |
---|---|---|---|---|---|---|
r-devel-linux-x86_64-debian-clang | 1.3-9.1 | 7.13 | 35.94 | 43.07 | OK | |
r-devel-linux-x86_64-debian-gcc | 1.3-9.1 | 6.18 | 28.75 | 34.93 | OK | |
r-devel-linux-x86_64-fedora-clang | 1.3-9.1 | 57.42 | NOTE | |||
r-devel-linux-x86_64-fedora-gcc | 1.3-9.1 | 47.48 | OK | |||
r-devel-windows-ix86+x86_64 | 1.3-9.1 | 22.00 | 50.00 | 72.00 | OK | |
r-patched-linux-x86_64 | 1.3-9.1 | 6.91 | 35.41 | 42.32 | OK | |
r-patched-solaris-x86 | 1.3-9.1 | 67.40 | OK | |||
r-release-linux-x86_64 | 1.3-9.1 | 6.84 | 35.32 | 42.16 | OK | |
r-release-macos-x86_64 | 1.3-9.1 | OK | ||||
r-release-windows-ix86+x86_64 | 1.3-9.1 | 18.00 | 50.00 | 68.00 | OK | |
r-oldrel-macos-x86_64 | 1.3-9.1 | OK | ||||
r-oldrel-windows-ix86+x86_64 | 1.3-9.1 | 32.00 | 71.00 | 103.00 | OK |
Version: 1.3-9.1
Check: Rd cross-references
Result: NOTE
Undeclared package ‘akima’ in Rd xrefs
Flavor: r-devel-linux-x86_64-fedora-clang