Last updated on 2020-12-04 00:48:36 CET.
Flavor | Version | Tinstall | Tcheck | Ttotal | Status | Flags |
---|---|---|---|---|---|---|
r-devel-linux-x86_64-debian-clang | 1.2 | 7.43 | 40.13 | 47.56 | NOTE | |
r-devel-linux-x86_64-debian-gcc | 1.2 | 5.75 | 32.71 | 38.46 | NOTE | |
r-devel-linux-x86_64-fedora-clang | 1.2 | 62.75 | NOTE | |||
r-devel-linux-x86_64-fedora-gcc | 1.2 | 53.53 | NOTE | |||
r-devel-windows-ix86+x86_64 | 1.2 | 20.00 | 72.00 | 92.00 | NOTE | |
r-patched-linux-x86_64 | 1.2 | 7.00 | 40.52 | 47.52 | NOTE | |
r-patched-solaris-x86 | 1.2 | 100.50 | NOTE | |||
r-release-linux-x86_64 | 1.2 | 6.81 | 38.48 | 45.29 | NOTE | |
r-release-macos-x86_64 | 1.2 | NOTE | ||||
r-release-windows-ix86+x86_64 | 1.2 | 17.00 | 87.00 | 104.00 | NOTE | |
r-oldrel-macos-x86_64 | 1.2 | NOTE | ||||
r-oldrel-windows-ix86+x86_64 | 1.2 | 16.00 | 82.00 | 98.00 | NOTE |
Version: 1.2
Check: R code for possible problems
Result: NOTE
cinbag: no visible global function definition for 'var'
trimTrees: no visible global function definition for 'predict'
Undefined global functions or variables:
predict var
Consider adding
importFrom("stats", "predict", "var")
to your NAMESPACE file.
Flavors: r-devel-linux-x86_64-debian-clang, r-devel-linux-x86_64-debian-gcc, r-devel-linux-x86_64-fedora-clang, r-devel-linux-x86_64-fedora-gcc, r-devel-windows-ix86+x86_64, r-patched-linux-x86_64, r-patched-solaris-x86, r-release-linux-x86_64, r-release-macos-x86_64, r-release-windows-ix86+x86_64, r-oldrel-macos-x86_64, r-oldrel-windows-ix86+x86_64
Version: 1.2
Check: compiled code
Result: NOTE
File ‘trimTrees/libs/trimTrees.so’:
Found no calls to: ‘R_registerRoutines’, ‘R_useDynamicSymbols’
It is good practice to register native routines and to disable symbol
search.
See ‘Writing portable packages’ in the ‘Writing R Extensions’ manual.
Flavors: r-devel-linux-x86_64-fedora-clang, r-devel-linux-x86_64-fedora-gcc