CRAN Package Check Results for Package trialr

Last updated on 2020-12-04 00:48:36 CET.

Flavor Version Tinstall Tcheck Ttotal Status Flags
r-devel-linux-x86_64-debian-clang 0.1.5 627.66 444.29 1071.95 NOTE
r-devel-linux-x86_64-debian-gcc 0.1.5 547.80 365.52 913.32 NOTE
r-devel-linux-x86_64-fedora-clang 0.1.5 1342.06 NOTE
r-devel-linux-x86_64-fedora-gcc 0.1.5 1298.66 NOTE
r-devel-windows-ix86+x86_64 0.1.5 1773.00 717.00 2490.00 NOTE
r-patched-linux-x86_64 0.1.5 630.24 482.00 1112.24 NOTE
r-patched-solaris-x86 0.1.5 1831.20 NOTE
r-release-linux-x86_64 0.1.5 642.75 478.73 1121.48 NOTE
r-release-macos-x86_64 0.1.5 NOTE
r-release-windows-ix86+x86_64 0.1.5 1278.00 847.00 2125.00 NOTE
r-oldrel-macos-x86_64 0.1.5 NOTE
r-oldrel-windows-ix86+x86_64 0.1.5 1858.00 890.00 2748.00 NOTE

Check Details

Version: 0.1.5
Check: for GNU extensions in Makefiles
Result: NOTE
    GNU make is a SystemRequirements.
Flavors: r-devel-linux-x86_64-debian-clang, r-devel-linux-x86_64-debian-gcc, r-devel-linux-x86_64-fedora-clang, r-devel-linux-x86_64-fedora-gcc, r-devel-windows-ix86+x86_64, r-patched-linux-x86_64, r-patched-solaris-x86, r-release-linux-x86_64, r-release-macos-x86_64, r-release-windows-ix86+x86_64, r-oldrel-macos-x86_64, r-oldrel-windows-ix86+x86_64

Version: 0.1.5
Check: installed package size
Result: NOTE
     installed size is 147.9Mb
     sub-directories of 1Mb or more:
     doc 3.8Mb
     libs 143.0Mb
Flavors: r-devel-linux-x86_64-fedora-clang, r-devel-windows-ix86+x86_64, r-patched-solaris-x86, r-release-macos-x86_64, r-release-windows-ix86+x86_64, r-oldrel-macos-x86_64, r-oldrel-windows-ix86+x86_64