Last updated on 2020-12-04 00:48:36 CET.
Flavor | Version | Tinstall | Tcheck | Ttotal | Status | Flags |
---|---|---|---|---|---|---|
r-devel-linux-x86_64-debian-clang | 1.1.3 | 95.68 | 41.54 | 137.22 | OK | |
r-devel-linux-x86_64-debian-gcc | 1.1.3 | 62.60 | 35.62 | 98.22 | OK | |
r-devel-linux-x86_64-fedora-clang | 1.1.3 | 195.72 | NOTE | |||
r-devel-linux-x86_64-fedora-gcc | 1.1.3 | 164.81 | OK | |||
r-devel-windows-ix86+x86_64 | 1.1.3 | 210.00 | 71.00 | 281.00 | OK | |
r-patched-linux-x86_64 | 1.1.3 | 73.10 | 41.57 | 114.67 | OK | |
r-patched-solaris-x86 | 1.1.3 | 154.70 | OK | |||
r-release-linux-x86_64 | 1.1.3 | 75.32 | 39.80 | 115.12 | OK | |
r-release-macos-x86_64 | 1.1.3 | NOTE | ||||
r-release-windows-ix86+x86_64 | 1.1.3 | 147.00 | 87.00 | 234.00 | OK | |
r-oldrel-macos-x86_64 | 1.1.3 | NOTE | ||||
r-oldrel-windows-ix86+x86_64 | 1.1.3 | 155.00 | 88.00 | 243.00 | OK |
Version: 1.1.3
Check: installed package size
Result: NOTE
installed size is 7.0Mb
sub-directories of 1Mb or more:
libs 6.8Mb
Flavors: r-devel-linux-x86_64-fedora-clang, r-release-macos-x86_64, r-oldrel-macos-x86_64