CRAN Package Check Results for Package treeducken

Last updated on 2020-12-04 00:48:36 CET.

Flavor Version Tinstall Tcheck Ttotal Status Flags
r-devel-linux-x86_64-debian-clang 1.0.0 155.55 65.76 221.31 OK
r-devel-linux-x86_64-debian-gcc 1.0.0 105.76 50.33 156.09 OK
r-devel-linux-x86_64-fedora-clang 1.0.0 304.55 NOTE
r-devel-linux-x86_64-fedora-gcc 1.0.0 279.36 OK
r-devel-windows-ix86+x86_64 1.0.0 352.00 97.00 449.00 OK
r-patched-linux-x86_64 1.0.0 127.45 63.87 191.32 OK
r-patched-solaris-x86 1.0.0 254.00 OK
r-release-linux-x86_64 1.0.0 121.38 63.61 184.99 OK
r-release-macos-x86_64 1.0.0 NOTE
r-release-windows-ix86+x86_64 1.0.0 257.00 115.00 372.00 OK
r-oldrel-macos-x86_64 1.0.0 NOTE
r-oldrel-windows-ix86+x86_64 1.0.0 252.00 118.00 370.00 OK

Check Details

Version: 1.0.0
Check: installed package size
Result: NOTE
     installed size is 6.9Mb
     sub-directories of 1Mb or more:
     libs 6.5Mb
Flavors: r-devel-linux-x86_64-fedora-clang, r-release-macos-x86_64, r-oldrel-macos-x86_64