CRAN Package Check Results for Package treeclim

Last updated on 2020-12-04 00:48:36 CET.

Flavor Version Tinstall Tcheck Ttotal Status Flags
r-devel-linux-x86_64-debian-clang 2.0.5.1 124.55 165.48 290.03 OK
r-devel-linux-x86_64-debian-gcc 2.0.5.1 89.79 120.21 210.00 OK
r-devel-linux-x86_64-fedora-clang 2.0.5.1 379.42 NOTE
r-devel-linux-x86_64-fedora-gcc 2.0.5.1 352.44 OK
r-devel-windows-ix86+x86_64 2.0.5.1 298.00 216.00 514.00 OK
r-patched-linux-x86_64 2.0.5.1 105.82 153.84 259.66 OK
r-patched-solaris-x86 2.0.5.1 397.30 OK
r-release-linux-x86_64 2.0.5.1 101.76 153.12 254.88 OK
r-release-macos-x86_64 2.0.5.1 OK
r-release-windows-ix86+x86_64 2.0.5.1 228.00 263.00 491.00 OK
r-oldrel-macos-x86_64 2.0.5.1 OK
r-oldrel-windows-ix86+x86_64 2.0.5.1 239.00 273.00 512.00 OK

Check Details

Version: 2.0.5.1
Check: installed package size
Result: NOTE
     installed size is 5.7Mb
     sub-directories of 1Mb or more:
     libs 5.4Mb
Flavor: r-devel-linux-x86_64-fedora-clang

Version: 2.0.5.1
Check: Rd cross-references
Result: NOTE
    Undeclared package ‘dplR’ in Rd xrefs
Flavor: r-devel-linux-x86_64-fedora-clang