CRAN Package Check Results for Package translateR

Last updated on 2020-12-04 00:48:36 CET.

Flavor Version Tinstall Tcheck Ttotal Status Flags
r-devel-linux-x86_64-debian-clang 1.0 3.98 31.25 35.23 NOTE
r-devel-linux-x86_64-debian-gcc 1.0 2.94 27.81 30.75 NOTE
r-devel-linux-x86_64-fedora-clang 1.0 48.34 NOTE
r-devel-linux-x86_64-fedora-gcc 1.0 38.73 NOTE
r-devel-windows-ix86+x86_64 1.0 6.00 37.00 43.00 NOTE
r-patched-linux-x86_64 1.0 3.59 33.06 36.65 NOTE
r-patched-solaris-x86 1.0 60.30 NOTE
r-release-linux-x86_64 1.0 3.44 30.63 34.07 NOTE
r-release-macos-x86_64 1.0 NOTE
r-release-windows-ix86+x86_64 1.0 5.00 47.00 52.00 NOTE
r-oldrel-macos-x86_64 1.0 NOTE
r-oldrel-windows-ix86+x86_64 1.0 4.00 44.00 48.00 NOTE

Check Details

Version: 1.0
Check: R code for possible problems
Result: NOTE
    microsoftTranslate: no visible global function definition for
     'URLencode'
    Undefined global functions or variables:
     URLencode
    Consider adding
     importFrom("utils", "URLencode")
    to your NAMESPACE file.
Flavors: r-devel-linux-x86_64-debian-clang, r-devel-linux-x86_64-debian-gcc, r-devel-linux-x86_64-fedora-clang, r-devel-linux-x86_64-fedora-gcc, r-devel-windows-ix86+x86_64, r-patched-linux-x86_64, r-patched-solaris-x86, r-release-linux-x86_64, r-release-macos-x86_64, r-release-windows-ix86+x86_64, r-oldrel-macos-x86_64, r-oldrel-windows-ix86+x86_64