CRAN Package Check Results for Package translate

Last updated on 2020-12-04 00:48:36 CET.

Flavor Version Tinstall Tcheck Ttotal Status Flags
r-devel-linux-x86_64-debian-clang 0.1.2 2.99 32.29 35.28 NOTE
r-devel-linux-x86_64-debian-gcc 0.1.2 2.82 27.99 30.81 NOTE
r-devel-linux-x86_64-fedora-clang 0.1.2 49.68 NOTE
r-devel-linux-x86_64-fedora-gcc 0.1.2 39.43 NOTE
r-devel-windows-ix86+x86_64 0.1.2 9.00 40.00 49.00 NOTE
r-patched-linux-x86_64 0.1.2 3.13 33.89 37.02 NOTE
r-patched-solaris-x86 0.1.2 62.80 NOTE
r-release-linux-x86_64 0.1.2 3.29 32.23 35.52 NOTE
r-release-macos-x86_64 0.1.2 NOTE
r-release-windows-ix86+x86_64 0.1.2 5.00 41.00 46.00 NOTE
r-oldrel-macos-x86_64 0.1.2 NOTE
r-oldrel-windows-ix86+x86_64 0.1.2 5.00 46.00 51.00 NOTE

Check Details

Version: 0.1.2
Check: DESCRIPTION meta-information
Result: NOTE
    Malformed Description field: should contain one or more complete sentences.
Flavors: r-devel-linux-x86_64-debian-clang, r-devel-linux-x86_64-debian-gcc, r-devel-linux-x86_64-fedora-clang, r-devel-linux-x86_64-fedora-gcc, r-devel-windows-ix86+x86_64, r-patched-linux-x86_64, r-patched-solaris-x86, r-release-linux-x86_64, r-release-macos-x86_64, r-release-windows-ix86+x86_64, r-oldrel-macos-x86_64, r-oldrel-windows-ix86+x86_64