CRAN Package Check Results for Package trajectories

Last updated on 2020-12-04 00:48:36 CET.

Flavor Version Tinstall Tcheck Ttotal Status Flags
r-devel-linux-x86_64-debian-clang 0.2-2 15.33 172.24 187.57 NOTE
r-devel-linux-x86_64-debian-gcc 0.2-2 11.91 133.00 144.91 NOTE
r-devel-linux-x86_64-fedora-clang 0.2-2 225.89 NOTE
r-devel-linux-x86_64-fedora-gcc 0.2-2 221.53 NOTE
r-devel-windows-ix86+x86_64 0.2-2 23.00 165.00 188.00 NOTE
r-patched-linux-x86_64 0.2-2 15.44 166.95 182.39 NOTE
r-patched-solaris-x86 0.2-2 290.60 NOTE
r-release-linux-x86_64 0.2-2 13.32 165.43 178.75 NOTE
r-release-macos-x86_64 0.2-2 NOTE
r-release-windows-ix86+x86_64 0.2-2 17.00 233.00 250.00 NOTE
r-oldrel-macos-x86_64 0.2-2 NOTE
r-oldrel-windows-ix86+x86_64 0.2-2 18.00 209.00 227.00 NOTE

Check Details

Version: 0.2-2
Check: package dependencies
Result: NOTE
    Package suggested but not available for checking: 'taxidata'
Flavors: r-devel-linux-x86_64-debian-clang, r-devel-linux-x86_64-debian-gcc, r-devel-linux-x86_64-fedora-clang, r-devel-linux-x86_64-fedora-gcc, r-devel-windows-ix86+x86_64, r-patched-linux-x86_64, r-patched-solaris-x86, r-release-linux-x86_64, r-release-macos-x86_64, r-release-windows-ix86+x86_64, r-oldrel-macos-x86_64, r-oldrel-windows-ix86+x86_64