Last updated on 2020-12-04 00:48:36 CET.
Flavor | Version | Tinstall | Tcheck | Ttotal | Status | Flags |
---|---|---|---|---|---|---|
r-devel-linux-x86_64-debian-clang | 0.5.6 | 4.58 | 61.50 | 66.08 | NOTE | |
r-devel-linux-x86_64-debian-gcc | 0.5.6 | 3.98 | 48.04 | 52.02 | NOTE | |
r-devel-linux-x86_64-fedora-clang | 0.5.6 | 81.30 | NOTE | |||
r-devel-linux-x86_64-fedora-gcc | 0.5.6 | 72.20 | NOTE | |||
r-devel-windows-ix86+x86_64 | 0.5.6 | 12.00 | 67.00 | 79.00 | OK | |
r-patched-linux-x86_64 | 0.5.6 | 4.71 | 57.36 | 62.07 | NOTE | |
r-patched-solaris-x86 | 0.5.6 | 92.70 | NOTE | |||
r-release-linux-x86_64 | 0.5.6 | 4.19 | 56.56 | 60.75 | NOTE | |
r-release-macos-x86_64 | 0.5.6 | OK | ||||
r-release-windows-ix86+x86_64 | 0.5.6 | 6.00 | 75.00 | 81.00 | OK | |
r-oldrel-macos-x86_64 | 0.5.6 | OK | ||||
r-oldrel-windows-ix86+x86_64 | 0.5.6 | 6.00 | 79.00 | 85.00 | OK |
Version: 0.5.6
Check: for non-standard things in the check directory
Result: NOTE
Found the following files/directories:
'test-001.png' 'test-002.png' 'test-003.png' 'test-004.png'
'test-005.png' 'test-006.png' 'test-007.png' 'test-008.png'
'test-009.png' 'test-010.png' 'test-011.png' 'test-012.png'
'test-013.png' 'test-014.png' 'test-015.png' 'test-016.png'
'test-017.png' 'test-018.png' 'test-019.png' 'test-020.png'
'test-021.png' 'test-022.png' 'test-023.png' 'test-024.png'
'test-025.png' 'test-026.png' 'test-027.png' 'test-028.png'
'test-029.png' 'test-030.png' 'test-031.png' 'test-032.png'
'test-033.png' 'test-034.png' 'test-035.png' 'test-036.png'
'test-037.png' 'test-038.png' 'test-039.png' 'test-040.png'
'test-041.png' 'test-042.png' 'test-043.png' 'test-044.png'
'test-045.png' 'test-046.png' 'test-047.png' 'test-048.png'
'test-049.png' 'test-050.png' 'test.pdf'
Flavors: r-devel-linux-x86_64-debian-clang, r-devel-linux-x86_64-debian-gcc, r-devel-linux-x86_64-fedora-clang, r-devel-linux-x86_64-fedora-gcc, r-patched-linux-x86_64, r-patched-solaris-x86, r-release-linux-x86_64