Last updated on 2020-12-04 00:48:36 CET.
Flavor | Version | Tinstall | Tcheck | Ttotal | Status | Flags |
---|---|---|---|---|---|---|
r-devel-linux-x86_64-debian-clang | 0.1.1 | 459.31 | 157.92 | 617.23 | OK | |
r-devel-linux-x86_64-debian-gcc | 0.1.1 | 435.75 | 121.98 | 557.73 | OK | |
r-devel-linux-x86_64-fedora-clang | 0.1.1 | 823.77 | NOTE | |||
r-devel-linux-x86_64-fedora-gcc | 0.1.1 | 962.72 | OK | |||
r-devel-windows-ix86+x86_64 | 0.1.1 | 1028.00 | 280.00 | 1308.00 | NOTE | |
r-patched-linux-x86_64 | 0.1.1 | 496.58 | 150.16 | 646.74 | OK | |
r-patched-solaris-x86 | 0.1.1 | 787.80 | NOTE | |||
r-release-linux-x86_64 | 0.1.1 | 477.17 | 154.23 | 631.40 | OK | |
r-release-macos-x86_64 | 0.1.1 | NOTE | ||||
r-release-windows-ix86+x86_64 | 0.1.1 | 777.00 | 349.00 | 1126.00 | NOTE | |
r-oldrel-macos-x86_64 | 0.1.1 | NOTE | ||||
r-oldrel-windows-ix86+x86_64 | 0.1.1 | 316.00 | 7.00 | 323.00 | ERROR |
Version: 0.1.1
Check: installed package size
Result: NOTE
installed size is 97.7Mb
sub-directories of 1Mb or more:
R 3.1Mb
help 2.8Mb
libs 91.3Mb
Flavors: r-devel-linux-x86_64-fedora-clang, r-devel-windows-ix86+x86_64, r-patched-solaris-x86, r-release-macos-x86_64, r-release-windows-ix86+x86_64, r-oldrel-macos-x86_64
Version: 0.1.1
Check: whether package can be installed
Result: ERROR
Installation failed.
Flavor: r-oldrel-windows-ix86+x86_64