Last updated on 2020-12-04 00:48:36 CET.
Flavor | Version | Tinstall | Tcheck | Ttotal | Status | Flags |
---|---|---|---|---|---|---|
r-devel-linux-x86_64-debian-clang | 1.4.6 | 0.99 | 7.64 | 8.63 | ERROR | |
r-devel-linux-x86_64-debian-gcc | 1.4.6 | 42.97 | 314.68 | 357.65 | OK | |
r-devel-linux-x86_64-fedora-clang | 1.4.6 | 588.81 | OK | |||
r-devel-linux-x86_64-fedora-gcc | 1.4.6 | 574.28 | OK | |||
r-devel-windows-ix86+x86_64 | 1.4.6 | 105.00 | 316.00 | 421.00 | OK | |
r-patched-linux-x86_64 | 1.4.6 | 47.62 | 378.82 | 426.44 | OK | |
r-patched-solaris-x86 | 1.4.6 | 680.00 | OK | |||
r-release-linux-x86_64 | 1.4.6 | 46.61 | 378.32 | 424.93 | OK | |
r-release-macos-x86_64 | 1.4.6 | ERROR | ||||
r-release-windows-ix86+x86_64 | 1.4.6 | 80.00 | 455.00 | 535.00 | OK | |
r-oldrel-macos-x86_64 | 1.4.6 | ERROR | ||||
r-oldrel-windows-ix86+x86_64 | 1.4.6 | 85.00 | 406.00 | 491.00 | OK |
Version: 1.4.6
Check: package dependencies
Result: ERROR
Package required but not available: 'qpgraph'
See section 'The DESCRIPTION file' in the 'Writing R Extensions'
manual.
Flavors: r-devel-linux-x86_64-debian-clang, r-release-macos-x86_64
Version: 1.4.6
Check: whether package can be installed
Result: ERROR
Installation failed.
Flavor: r-oldrel-macos-x86_64