CRAN Package Check Results for Package tokenizers.bpe

Last updated on 2020-12-04 00:48:36 CET.

Flavor Version Tinstall Tcheck Ttotal Status Flags
r-devel-linux-x86_64-debian-clang 0.1.0 127.52 30.99 158.51 OK
r-devel-linux-x86_64-debian-gcc 0.1.0 87.77 26.58 114.35 OK
r-devel-linux-x86_64-fedora-clang 0.1.0 227.87 NOTE
r-devel-linux-x86_64-fedora-gcc 0.1.0 203.21 OK
r-devel-windows-ix86+x86_64 0.1.0 273.00 61.00 334.00 OK
r-patched-linux-x86_64 0.1.0 106.01 28.76 134.77 OK
r-patched-solaris-x86 0.1.0 166.50 OK
r-release-linux-x86_64 0.1.0 105.28 29.81 135.09 OK
r-release-macos-x86_64 0.1.0 NOTE
r-release-windows-ix86+x86_64 0.1.0 208.00 75.00 283.00 OK
r-oldrel-macos-x86_64 0.1.0 NOTE
r-oldrel-windows-ix86+x86_64 0.1.0 207.00 75.00 282.00 OK

Check Details

Version: 0.1.0
Check: installed package size
Result: NOTE
     installed size is 6.5Mb
     sub-directories of 1Mb or more:
     libs 5.5Mb
Flavors: r-devel-linux-x86_64-fedora-clang, r-release-macos-x86_64, r-oldrel-macos-x86_64