Last updated on 2020-12-04 00:48:36 CET.
Flavor | Version | Tinstall | Tcheck | Ttotal | Status | Flags |
---|---|---|---|---|---|---|
r-devel-linux-x86_64-debian-clang | 0.3 | 26.91 | 27.26 | 54.17 | OK | |
r-devel-linux-x86_64-debian-gcc | 0.3 | 17.53 | 24.41 | 41.94 | OK | |
r-devel-linux-x86_64-fedora-clang | 0.3 | 72.94 | NOTE | |||
r-devel-linux-x86_64-fedora-gcc | 0.3 | 58.53 | NOTE | |||
r-devel-windows-ix86+x86_64 | 0.3 | 60.00 | 52.00 | 112.00 | OK | |
r-patched-linux-x86_64 | 0.3 | 20.60 | 28.63 | 49.23 | OK | |
r-patched-solaris-x86 | 0.3 | 69.00 | OK | |||
r-release-linux-x86_64 | 0.3 | 18.89 | 29.04 | 47.93 | OK | |
r-release-macos-x86_64 | 0.3 | NOTE | ||||
r-release-windows-ix86+x86_64 | 0.3 | 44.00 | 70.00 | 114.00 | OK | |
r-oldrel-macos-x86_64 | 0.3 | NOTE | ||||
r-oldrel-windows-ix86+x86_64 | 0.3 | 40.00 | 63.00 | 103.00 | OK |
Version: 0.3
Check: compiled code
Result: NOTE
File ‘tmg/libs/tmg.so’:
Found no calls to: ‘R_registerRoutines’, ‘R_useDynamicSymbols’
It is good practice to register native routines and to disable symbol
search.
See ‘Writing portable packages’ in the ‘Writing R Extensions’ manual.
Flavors: r-devel-linux-x86_64-fedora-clang, r-devel-linux-x86_64-fedora-gcc
Version: 0.3
Check: installed package size
Result: NOTE
installed size is 5.1Mb
sub-directories of 1Mb or more:
libs 4.8Mb
Flavors: r-release-macos-x86_64, r-oldrel-macos-x86_64