Last updated on 2020-12-04 00:48:36 CET.
Flavor | Version | Tinstall | Tcheck | Ttotal | Status | Flags |
---|---|---|---|---|---|---|
r-devel-linux-x86_64-debian-clang | 0.2-13 | 3.59 | 31.27 | 34.86 | OK | |
r-devel-linux-x86_64-debian-gcc | 0.2-13 | 2.54 | 24.09 | 26.63 | OK | |
r-devel-linux-x86_64-fedora-clang | 0.2-13 | 44.61 | NOTE | |||
r-devel-linux-x86_64-fedora-gcc | 0.2-13 | 34.80 | NOTE | |||
r-devel-windows-ix86+x86_64 | 0.2-13 | 13.00 | 51.00 | 64.00 | OK | |
r-patched-linux-x86_64 | 0.2-13 | 3.29 | 30.17 | 33.46 | OK | |
r-patched-solaris-x86 | 0.2-13 | 54.40 | NOTE | |||
r-release-linux-x86_64 | 0.2-13 | 3.25 | 30.02 | 33.27 | OK | |
r-release-macos-x86_64 | 0.2-13 | NOTE | ||||
r-release-windows-ix86+x86_64 | 0.2-13 | 10.00 | 67.00 | 77.00 | OK | |
r-oldrel-macos-x86_64 | 0.2-13 | NOTE | ||||
r-oldrel-windows-ix86+x86_64 | 0.2-13 | 9.00 | 50.00 | 59.00 | OK |
Version: 0.2-13
Check: data for non-ASCII characters
Result: NOTE
Note: found 134043 marked UTF-8 strings
Flavors: r-devel-linux-x86_64-fedora-clang, r-devel-linux-x86_64-fedora-gcc, r-patched-solaris-x86, r-release-macos-x86_64, r-oldrel-macos-x86_64