CRAN Package Check Results for Package tmbstan

Last updated on 2020-12-04 00:48:36 CET.

Flavor Version Tinstall Tcheck Ttotal Status Flags
r-devel-linux-x86_64-debian-clang 1.0.2 114.56 119.62 234.18 OK
r-devel-linux-x86_64-debian-gcc 1.0.2 101.84 93.66 195.50 OK
r-devel-linux-x86_64-fedora-clang 1.0.2 302.38 NOTE
r-devel-linux-x86_64-fedora-gcc 1.0.2 318.48 OK
r-devel-windows-ix86+x86_64 1.0.2 255.00 178.00 433.00 OK
r-patched-linux-x86_64 1.0.2 88.64 112.56 201.20 OK
r-patched-solaris-x86 1.0.2 350.80 OK
r-release-linux-x86_64 1.0.2 85.47 115.46 200.93 OK
r-release-macos-x86_64 1.0.2 NOTE
r-release-windows-ix86+x86_64 1.0.2 194.00 233.00 427.00 OK
r-oldrel-macos-x86_64 1.0.2 NOTE
r-oldrel-windows-ix86+x86_64 1.0.2 216.00 214.00 430.00 OK

Check Details

Version: 1.0.2
Check: installed package size
Result: NOTE
     installed size is 29.9Mb
     sub-directories of 1Mb or more:
     libs 29.6Mb
Flavors: r-devel-linux-x86_64-fedora-clang, r-release-macos-x86_64, r-oldrel-macos-x86_64