Last updated on 2020-12-04 00:48:36 CET.
Flavor | Version | Tinstall | Tcheck | Ttotal | Status | Flags |
---|---|---|---|---|---|---|
r-devel-linux-x86_64-debian-clang | 1.2.0 | 3.26 | 28.25 | 31.51 | OK | |
r-devel-linux-x86_64-debian-gcc | 1.2.0 | 2.58 | 25.21 | 27.79 | OK | |
r-devel-linux-x86_64-fedora-clang | 1.2.0 | 40.77 | NOTE | |||
r-devel-linux-x86_64-fedora-gcc | 1.2.0 | 31.71 | NOTE | |||
r-devel-windows-ix86+x86_64 | 1.2.0 | 10.00 | 37.00 | 47.00 | OK | |
r-patched-linux-x86_64 | 1.2.0 | 3.45 | 26.87 | 30.32 | OK | |
r-patched-solaris-x86 | 1.2.0 | 48.90 | NOTE | |||
r-release-linux-x86_64 | 1.2.0 | 3.07 | 25.11 | 28.18 | OK | |
r-release-macos-x86_64 | 1.2.0 | NOTE | ||||
r-release-windows-ix86+x86_64 | 1.2.0 | 8.00 | 41.00 | 49.00 | OK | |
r-oldrel-macos-x86_64 | 1.2.0 | NOTE | ||||
r-oldrel-windows-ix86+x86_64 | 1.2.0 | 4.00 | 44.00 | 48.00 | OK |
Version: 1.2.0
Check: dependencies in R code
Result: NOTE
Namespace in Imports field not imported from: ‘lubridate’
All declared Imports should be used.
Flavors: r-devel-linux-x86_64-fedora-clang, r-devel-linux-x86_64-fedora-gcc, r-patched-solaris-x86, r-release-macos-x86_64, r-oldrel-macos-x86_64