CRAN Package Check Results for Package tidyxl

Last updated on 2020-12-04 00:48:36 CET.

Flavor Version Tinstall Tcheck Ttotal Status Flags
r-devel-linux-x86_64-debian-clang 1.0.7 191.55 61.25 252.80 OK
r-devel-linux-x86_64-debian-gcc 1.0.7 118.15 52.76 170.91 OK
r-devel-linux-x86_64-fedora-clang 1.0.7 364.48 NOTE
r-devel-linux-x86_64-fedora-gcc 1.0.7 308.15 OK
r-devel-windows-ix86+x86_64 1.0.7 426.00 93.00 519.00 OK
r-patched-linux-x86_64 1.0.7 144.71 61.79 206.50 OK
r-patched-solaris-x86 1.0.7 260.70 OK
r-release-linux-x86_64 1.0.7 145.29 64.04 209.33 OK
r-release-macos-x86_64 1.0.7 NOTE
r-release-windows-ix86+x86_64 1.0.7 351.00 111.00 462.00 OK
r-oldrel-macos-x86_64 1.0.7 NOTE
r-oldrel-windows-ix86+x86_64 1.0.7 324.00 114.00 438.00 OK

Check Details

Version: 1.0.7
Check: installed package size
Result: NOTE
     installed size is 11.8Mb
     sub-directories of 1Mb or more:
     libs 10.7Mb
Flavors: r-devel-linux-x86_64-fedora-clang, r-release-macos-x86_64, r-oldrel-macos-x86_64