Last updated on 2020-12-04 00:48:36 CET.
Flavor | Version | Tinstall | Tcheck | Ttotal | Status | Flags |
---|---|---|---|---|---|---|
r-devel-linux-x86_64-debian-clang | 0.7.1 | 9.89 | 230.85 | 240.74 | OK | |
r-devel-linux-x86_64-debian-gcc | 0.7.1 | 8.73 | 178.28 | 187.01 | OK | |
r-devel-linux-x86_64-fedora-clang | 0.7.1 | 291.22 | NOTE | |||
r-devel-linux-x86_64-fedora-gcc | 0.7.1 | 279.11 | NOTE | |||
r-devel-windows-ix86+x86_64 | 0.7.1 | 23.00 | 191.00 | 214.00 | NOTE | |
r-patched-linux-x86_64 | 0.7.1 | 9.45 | 224.70 | 234.15 | OK | |
r-patched-solaris-x86 | 0.7.1 | 456.20 | NOTE | |||
r-release-linux-x86_64 | 0.7.1 | 11.23 | 223.62 | 234.85 | OK | |
r-release-macos-x86_64 | 0.7.1 | NOTE | ||||
r-release-windows-ix86+x86_64 | 0.7.1 | 18.00 | 232.00 | 250.00 | NOTE | |
r-oldrel-macos-x86_64 | 0.7.1 | NOTE | ||||
r-oldrel-windows-ix86+x86_64 | 0.7.1 | 15.00 | 258.00 | 273.00 | NOTE |
Version: 0.7.1
Check: installed package size
Result: NOTE
installed size is 6.0Mb
sub-directories of 1Mb or more:
extdata 4.4Mb
Flavors: r-devel-linux-x86_64-fedora-clang, r-devel-windows-ix86+x86_64, r-patched-solaris-x86, r-release-macos-x86_64, r-release-windows-ix86+x86_64, r-oldrel-macos-x86_64, r-oldrel-windows-ix86+x86_64
Version: 0.7.1
Check: data for non-ASCII characters
Result: NOTE
Note: found 62 marked UTF-8 strings
Flavors: r-devel-linux-x86_64-fedora-clang, r-devel-linux-x86_64-fedora-gcc, r-patched-solaris-x86, r-release-macos-x86_64, r-oldrel-macos-x86_64