CRAN Package Check Results for Package tidymodels

Last updated on 2020-12-04 00:48:36 CET.

Flavor Version Tinstall Tcheck Ttotal Status Flags
r-devel-linux-x86_64-debian-clang 0.1.2 15.22 135.47 150.69 OK
r-devel-linux-x86_64-debian-gcc 0.1.2 13.27 105.50 118.77 OK
r-devel-linux-x86_64-fedora-clang 0.1.2 184.69 NOTE
r-devel-linux-x86_64-fedora-gcc 0.1.2 174.53 NOTE
r-devel-windows-ix86+x86_64 0.1.2 34.00 121.00 155.00 OK
r-patched-linux-x86_64 0.1.2 14.54 126.34 140.88 OK
r-patched-solaris-x86 0.1.2 249.60 NOTE
r-release-linux-x86_64 0.1.2 14.12 126.38 140.50 OK
r-release-macos-x86_64 0.1.2 NOTE
r-release-windows-ix86+x86_64 0.1.2 27.00 142.00 169.00 OK
r-oldrel-macos-x86_64 0.1.2 NOTE
r-oldrel-windows-ix86+x86_64 0.1.2 32.00 148.00 180.00 OK

Check Details

Version: 0.1.2
Check: dependencies in R code
Result: NOTE
    Namespace in Imports field not imported from: ‘modeldata’
     All declared Imports should be used.
Flavors: r-devel-linux-x86_64-fedora-clang, r-devel-linux-x86_64-fedora-gcc, r-patched-solaris-x86, r-release-macos-x86_64, r-oldrel-macos-x86_64