Last updated on 2020-12-04 00:48:36 CET.
Flavor | Version | Tinstall | Tcheck | Ttotal | Status | Flags |
---|---|---|---|---|---|---|
r-devel-linux-x86_64-debian-clang | 0.2.8 | 5.63 | 50.75 | 56.38 | OK | |
r-devel-linux-x86_64-debian-gcc | 0.2.8 | 5.21 | 39.54 | 44.75 | OK | |
r-devel-linux-x86_64-fedora-clang | 0.3.2 | 49.98 | NOTE | |||
r-devel-linux-x86_64-fedora-gcc | 0.3.2 | 36.94 | NOTE | |||
r-devel-windows-ix86+x86_64 | 0.2.8 | 12.00 | 51.00 | 63.00 | OK | |
r-patched-linux-x86_64 | 0.2.8 | 6.06 | 48.56 | 54.62 | OK | |
r-patched-solaris-x86 | 0.3.2 | 89.60 | NOTE | |||
r-release-linux-x86_64 | 0.2.8 | 6.02 | 48.39 | 54.41 | OK | |
r-release-macos-x86_64 | 0.2.8 | NOTE | ||||
r-release-windows-ix86+x86_64 | 0.2.8 | 9.00 | 61.00 | 70.00 | OK | |
r-oldrel-macos-x86_64 | 0.2.8 | NOTE | ||||
r-oldrel-windows-ix86+x86_64 | 0.2.8 | 17.00 | 64.00 | 81.00 | OK |
Version: 0.3.2
Check: dependencies in R code
Result: NOTE
Namespaces in Imports field not imported from:
‘lme4’ ‘methods’ ‘stats’ ‘tidyselect’
All declared Imports should be used.
Flavors: r-devel-linux-x86_64-fedora-clang, r-devel-linux-x86_64-fedora-gcc, r-patched-solaris-x86
Version: 0.2.8
Check: dependencies in R code
Result: NOTE
Namespaces in Imports field not imported from:
‘lifecycle’ ‘lme4’ ‘methods’ ‘stats’ ‘tidyselect’
All declared Imports should be used.
Flavors: r-release-macos-x86_64, r-oldrel-macos-x86_64