CRAN Package Check Results for Package tidyLPA

Last updated on 2020-12-04 00:48:36 CET.

Flavor Version Tinstall Tcheck Ttotal Status Flags
r-devel-linux-x86_64-debian-clang 1.0.8 10.56 127.01 137.57 OK
r-devel-linux-x86_64-debian-gcc 1.0.8 8.58 93.63 102.21 OK
r-devel-linux-x86_64-fedora-clang 1.0.8 166.83 NOTE
r-devel-linux-x86_64-fedora-gcc 1.0.8 158.49 NOTE
r-devel-windows-ix86+x86_64 1.0.8 20.00 129.00 149.00 OK
r-patched-linux-x86_64 1.0.8 10.30 118.86 129.16 OK
r-patched-solaris-x86 1.0.8 230.70 NOTE
r-release-linux-x86_64 1.0.8 9.13 122.74 131.87 OK
r-release-macos-x86_64 1.0.8 NOTE
r-release-windows-ix86+x86_64 1.0.8 15.00 160.00 175.00 OK
r-oldrel-macos-x86_64 1.0.8 NOTE
r-oldrel-windows-ix86+x86_64 1.0.8 23.00 162.00 185.00 OK

Check Details

Version: 1.0.8
Check: dependencies in R code
Result: NOTE
    Namespace in Imports field not imported from: ‘mix’
     All declared Imports should be used.
Flavors: r-devel-linux-x86_64-fedora-clang, r-devel-linux-x86_64-fedora-gcc, r-patched-solaris-x86, r-release-macos-x86_64, r-oldrel-macos-x86_64