Last updated on 2020-12-04 00:48:36 CET.
Flavor | Version | Tinstall | Tcheck | Ttotal | Status | Flags |
---|---|---|---|---|---|---|
r-devel-linux-x86_64-debian-clang | 0.4.0 | 23.63 | 325.95 | 349.58 | OK | |
r-devel-linux-x86_64-debian-gcc | 0.4.0 | 12.53 | 239.02 | 251.55 | OK | |
r-devel-linux-x86_64-fedora-clang | 0.4.0 | 421.63 | NOTE | |||
r-devel-linux-x86_64-fedora-gcc | 0.4.0 | 426.68 | OK | |||
r-devel-windows-ix86+x86_64 | 0.4.0 | 57.00 | 274.00 | 331.00 | OK | |
r-patched-linux-x86_64 | 0.4.0 | 17.95 | 321.29 | 339.24 | OK | |
r-patched-solaris-x86 | 0.4.0 | 499.50 | OK | |||
r-release-linux-x86_64 | 0.4.0 | 16.70 | 319.08 | 335.78 | OK | |
r-release-macos-x86_64 | 0.4.0 | OK | ||||
r-release-windows-ix86+x86_64 | 0.4.0 | 39.00 | 349.00 | 388.00 | OK | |
r-oldrel-macos-x86_64 | 0.4.0 | OK | ||||
r-oldrel-windows-ix86+x86_64 | 0.4.0 | 52.00 | 364.00 | 416.00 | OK |
Version: 0.4.0
Check: Rd cross-references
Result: NOTE
Undeclared package ‘bayestestR’ in Rd xrefs
Flavor: r-devel-linux-x86_64-fedora-clang