CRAN Package Check Results for Package themetagenomics

Last updated on 2020-12-04 00:48:36 CET.

Flavor Version Tinstall Tcheck Ttotal Status Flags
r-devel-linux-x86_64-debian-clang 1.0.2 41.23 362.93 404.16 OK
r-devel-linux-x86_64-debian-gcc 1.0.2 30.24 271.75 301.99 OK
r-devel-linux-x86_64-fedora-clang 1.0.2 441.21 NOTE
r-devel-linux-x86_64-fedora-gcc 1.0.2 381.64 OK
r-devel-windows-ix86+x86_64 1.0.2 94.00 498.00 592.00 NOTE
r-patched-linux-x86_64 1.0.2 26.49 346.13 372.62 OK
r-patched-solaris-x86 1.0.2 682.90 OK
r-release-linux-x86_64 1.0.2 25.56 343.66 369.22 OK
r-release-macos-x86_64 1.0.2 OK
r-release-windows-ix86+x86_64 1.0.2 75.00 442.00 517.00 NOTE
r-oldrel-macos-x86_64 1.0.2 OK
r-oldrel-windows-ix86+x86_64 1.0.2 85.00 553.00 638.00 OK

Check Details

Version: 1.0.2
Check: Rd cross-references
Result: NOTE
    Undeclared package ‘glmnet’ in Rd xrefs
Flavor: r-devel-linux-x86_64-fedora-clang

Version: 1.0.2
Check: installed package size
Result: NOTE
     installed size is 5.0Mb
     sub-directories of 1Mb or more:
     doc 1.0Mb
     libs 2.2Mb
     references 1.1Mb
Flavors: r-devel-windows-ix86+x86_64, r-release-windows-ix86+x86_64