CRAN Package Check Results for Package thectar

Last updated on 2020-12-04 00:48:36 CET.

Flavor Version Tinstall Tcheck Ttotal Status Flags
r-devel-linux-x86_64-debian-clang 1.0.0 3.44 37.12 40.56 OK
r-devel-linux-x86_64-debian-gcc 1.0.0 4.05 31.58 35.63 OK
r-devel-linux-x86_64-fedora-clang 1.0.0 51.59 NOTE
r-devel-linux-x86_64-fedora-gcc 1.0.0 41.22 NOTE
r-devel-windows-ix86+x86_64 1.0.0 8.00 43.00 51.00 OK
r-patched-linux-x86_64 1.0.0 2.94 35.38 38.32 OK
r-patched-solaris-x86 1.0.0 61.20 NOTE
r-release-linux-x86_64 1.0.0 3.19 36.66 39.85 OK
r-release-macos-x86_64 1.0.0 NOTE
r-release-windows-ix86+x86_64 1.0.0 6.00 48.00 54.00 OK
r-oldrel-macos-x86_64 1.0.0 NOTE
r-oldrel-windows-ix86+x86_64 1.0.0 5.00 48.00 53.00 OK

Check Details

Version: 1.0.0
Check: dependencies in R code
Result: NOTE
    Namespace in Imports field not imported from: ‘proxy’
     All declared Imports should be used.
Flavors: r-devel-linux-x86_64-fedora-clang, r-devel-linux-x86_64-fedora-gcc, r-patched-solaris-x86, r-release-macos-x86_64, r-oldrel-macos-x86_64