CRAN Package Check Results for Package tfarima

Last updated on 2020-12-04 00:48:36 CET.

Flavor Version Tinstall Tcheck Ttotal Status Flags
r-devel-linux-x86_64-debian-clang 0.1.1 216.96 59.58 276.54 OK
r-devel-linux-x86_64-debian-gcc 0.1.1 139.06 46.57 185.63 OK
r-devel-linux-x86_64-fedora-clang 0.1.1 389.71 NOTE
r-devel-linux-x86_64-fedora-gcc 0.1.1 343.99 OK
r-devel-windows-ix86+x86_64 0.1.1 504.00 92.00 596.00 OK
r-patched-linux-x86_64 0.1.1 174.29 59.18 233.47 OK
r-patched-solaris-x86 0.1.1 279.40 OK
r-release-linux-x86_64 0.1.1 173.16 58.16 231.32 OK
r-release-macos-x86_64 0.1.1 NOTE
r-release-windows-ix86+x86_64 0.1.1 358.00 106.00 464.00 OK
r-oldrel-macos-x86_64 0.1.1 NOTE
r-oldrel-windows-ix86+x86_64 0.1.1 362.00 101.00 463.00 OK

Check Details

Version: 0.1.1
Check: installed package size
Result: NOTE
     installed size is 8.1Mb
     sub-directories of 1Mb or more:
     libs 7.3Mb
Flavors: r-devel-linux-x86_64-fedora-clang, r-release-macos-x86_64, r-oldrel-macos-x86_64