CRAN Package Check Results for Package textshape

Last updated on 2020-12-04 00:48:36 CET.

Flavor Version Tinstall Tcheck Ttotal Status Flags
r-devel-linux-x86_64-debian-clang 1.7.1 5.11 42.75 47.86 OK
r-devel-linux-x86_64-debian-gcc 1.7.1 2.70 34.26 36.96 OK
r-devel-linux-x86_64-fedora-clang 1.7.1 59.93 NOTE
r-devel-linux-x86_64-fedora-gcc 1.7.1 49.57 OK
r-devel-windows-ix86+x86_64 1.7.1 6.00 44.00 50.00 OK
r-patched-linux-x86_64 1.7.1 4.41 39.42 43.83 OK
r-patched-solaris-x86 1.7.1 71.90 OK
r-release-linux-x86_64 1.7.1 4.63 38.29 42.92 OK
r-release-macos-x86_64 1.7.1 OK
r-release-windows-ix86+x86_64 1.7.1 6.00 50.00 56.00 OK
r-oldrel-macos-x86_64 1.7.1 OK
r-oldrel-windows-ix86+x86_64 1.7.1 6.00 53.00 59.00 OK

Check Details

Version: 1.7.1
Check: Rd cross-references
Result: NOTE
    Undeclared packages ‘tm’, ‘textreadr’ in Rd xrefs
Flavor: r-devel-linux-x86_64-fedora-clang