CRAN Package Check Results for Package textreuse

Last updated on 2020-12-04 00:48:36 CET.

Flavor Version Tinstall Tcheck Ttotal Status Flags
r-devel-linux-x86_64-debian-clang 0.1.5 43.91 57.45 101.36 OK
r-devel-linux-x86_64-debian-gcc 0.1.5 27.45 47.45 74.90 OK
r-devel-linux-x86_64-fedora-clang 0.1.5 142.02 NOTE
r-devel-linux-x86_64-fedora-gcc 0.1.5 121.29 OK
r-devel-windows-ix86+x86_64 0.1.5 106.00 94.00 200.00 NOTE
r-patched-linux-x86_64 0.1.5 33.92 56.00 89.92 OK
r-patched-solaris-x86 0.1.5 144.70 OK
r-release-linux-x86_64 0.1.5 33.05 59.76 92.81 OK
r-release-macos-x86_64 0.1.5 OK
r-release-windows-ix86+x86_64 0.1.5 79.00 106.00 185.00 NOTE
r-oldrel-macos-x86_64 0.1.5 OK
r-oldrel-windows-ix86+x86_64 0.1.5 79.00 107.00 186.00 OK

Check Details

Version: 0.1.5
Check: Rd cross-references
Result: NOTE
    Undeclared package ‘tm’ in Rd xrefs
Flavor: r-devel-linux-x86_64-fedora-clang

Version: 0.1.5
Check: installed package size
Result: NOTE
     installed size is 5.3Mb
     sub-directories of 1Mb or more:
     extdata 2.9Mb
     libs 2.1Mb
Flavors: r-devel-windows-ix86+x86_64, r-release-windows-ix86+x86_64