Last updated on 2020-12-04 00:48:36 CET.
Flavor | Version | Tinstall | Tcheck | Ttotal | Status | Flags |
---|---|---|---|---|---|---|
r-devel-linux-x86_64-debian-clang | 1.0-6 | 2.79 | 26.99 | 29.78 | OK | |
r-devel-linux-x86_64-debian-gcc | 1.0-6 | 2.27 | 23.41 | 25.68 | OK | |
r-devel-linux-x86_64-fedora-clang | 1.0-6 | 39.60 | NOTE | |||
r-devel-linux-x86_64-fedora-gcc | 1.0-6 | 30.27 | NOTE | |||
r-devel-windows-ix86+x86_64 | 1.0-6 | 6.00 | 30.00 | 36.00 | OK | |
r-patched-linux-x86_64 | 1.0-6 | 3.15 | 23.74 | 26.89 | OK | |
r-patched-solaris-x86 | 1.0-6 | 45.20 | NOTE | |||
r-release-linux-x86_64 | 1.0-6 | 2.70 | 26.16 | 28.86 | OK | |
r-release-macos-x86_64 | 1.0-6 | NOTE | ||||
r-release-windows-ix86+x86_64 | 1.0-6 | 5.00 | 43.00 | 48.00 | OK | |
r-oldrel-macos-x86_64 | 1.0-6 | NOTE | ||||
r-oldrel-windows-ix86+x86_64 | 1.0-6 | 5.00 | 35.00 | 40.00 | OK |
Version: 1.0-6
Check: Rd cross-references
Result: NOTE
Undeclared package ‘NLP’ in Rd xrefs
Flavor: r-devel-linux-x86_64-fedora-clang
Version: 1.0-6
Check: data for non-ASCII characters
Result: NOTE
Note: found 10051 marked UTF-8 strings
Note: found 10523 strings marked as "bytes"
Flavors: r-devel-linux-x86_64-fedora-clang, r-devel-linux-x86_64-fedora-gcc, r-patched-solaris-x86, r-release-macos-x86_64, r-oldrel-macos-x86_64