CRAN Package Check Results for Package teamr

Last updated on 2020-12-04 00:48:36 CET.

Flavor Version Tinstall Tcheck Ttotal Status Flags
r-devel-linux-x86_64-debian-clang 0.0.1 5.51 21.20 26.71 OK
r-devel-linux-x86_64-debian-gcc 0.0.1 4.05 20.30 24.35 OK
r-devel-linux-x86_64-fedora-clang 0.0.1 36.65 NOTE
r-devel-linux-x86_64-fedora-gcc 0.0.1 26.68 NOTE
r-devel-windows-ix86+x86_64 0.0.1 7.00 27.00 34.00 OK
r-patched-linux-x86_64 0.0.1 4.65 22.42 27.07 OK
r-patched-solaris-x86 0.0.1 40.80 NOTE
r-release-linux-x86_64 0.0.1 5.04 22.37 27.41 OK
r-release-macos-x86_64 0.0.1 NOTE
r-release-windows-ix86+x86_64 0.0.1 9.00 33.00 42.00 OK
r-oldrel-macos-x86_64 0.0.1 NOTE
r-oldrel-windows-ix86+x86_64 0.0.1 5.00 31.00 36.00 OK

Check Details

Version: 0.0.1
Check: dependencies in R code
Result: NOTE
    Namespaces in Imports field not imported from:
     ‘httr’ ‘jsonlite’
     All declared Imports should be used.
Flavors: r-devel-linux-x86_64-fedora-clang, r-devel-linux-x86_64-fedora-gcc, r-patched-solaris-x86, r-release-macos-x86_64, r-oldrel-macos-x86_64