Last updated on 2020-12-04 00:48:36 CET.
Flavor | Version | Tinstall | Tcheck | Ttotal | Status | Flags |
---|---|---|---|---|---|---|
r-devel-linux-x86_64-debian-clang | 1.2-11 | 7.38 | 39.99 | 47.37 | NOTE | |
r-devel-linux-x86_64-debian-gcc | 1.2-11 | 5.23 | 37.97 | 43.20 | NOTE | |
r-devel-linux-x86_64-fedora-clang | 1.2-11 | 63.85 | NOTE | |||
r-devel-linux-x86_64-fedora-gcc | 1.2-11 | 54.66 | NOTE | |||
r-devel-windows-ix86+x86_64 | 1.2-11 | 11.00 | 37.00 | 48.00 | NOTE | |
r-patched-linux-x86_64 | 1.2-11 | 6.24 | 39.42 | 45.66 | NOTE | |
r-patched-solaris-x86 | 1.2-11 | 72.00 | NOTE | |||
r-release-linux-x86_64 | 1.2-11 | 6.75 | 39.23 | 45.98 | NOTE | |
r-release-macos-x86_64 | 1.2-11 | NOTE | ||||
r-release-windows-ix86+x86_64 | 1.2-11 | 8.00 | 39.00 | 47.00 | NOTE | |
r-oldrel-macos-x86_64 | 1.2-11 | NOTE | ||||
r-oldrel-windows-ix86+x86_64 | 1.2-11 | 16.00 | 71.00 | 87.00 | NOTE |
Version: 1.2-11
Check: DESCRIPTION meta-information
Result: NOTE
Malformed Description field: should contain one or more complete sentences.
Flavors: r-devel-linux-x86_64-debian-clang, r-devel-linux-x86_64-debian-gcc, r-devel-linux-x86_64-fedora-clang, r-devel-linux-x86_64-fedora-gcc, r-devel-windows-ix86+x86_64, r-patched-linux-x86_64, r-patched-solaris-x86, r-release-linux-x86_64, r-release-macos-x86_64, r-release-windows-ix86+x86_64, r-oldrel-macos-x86_64, r-oldrel-windows-ix86+x86_64
Version: 1.2-11
Check: installed package size
Result: NOTE
installed size is 5.2Mb
sub-directories of 1Mb or more:
tklibs 4.9Mb
Flavors: r-devel-linux-x86_64-fedora-clang, r-release-macos-x86_64, r-oldrel-macos-x86_64