CRAN Package Check Results for Package taxlist

Last updated on 2020-12-04 00:48:36 CET.

Flavor Version Tinstall Tcheck Ttotal Status Flags
r-devel-linux-x86_64-debian-clang 0.2.0 10.37 86.11 96.48 OK
r-devel-linux-x86_64-debian-gcc 0.2.0 9.37 65.53 74.90 OK
r-devel-linux-x86_64-fedora-clang 0.2.0 112.96 NOTE
r-devel-linux-x86_64-fedora-gcc 0.2.0 103.54 NOTE
r-devel-windows-ix86+x86_64 0.2.0 24.00 81.00 105.00 OK
r-patched-linux-x86_64 0.2.0 9.89 77.76 87.65 OK
r-patched-solaris-x86 0.2.0 145.30 NOTE
r-release-linux-x86_64 0.2.0 11.59 77.30 88.89 OK
r-release-macos-x86_64 0.2.0 NOTE
r-release-windows-ix86+x86_64 0.2.0 16.00 94.00 110.00 OK
r-oldrel-macos-x86_64 0.2.0 NOTE
r-oldrel-windows-ix86+x86_64 0.2.0 15.00 104.00 119.00 OK

Check Details

Version: 0.2.0
Check: data for non-ASCII characters
Result: NOTE
     Note: found 137 marked UTF-8 strings
Flavors: r-devel-linux-x86_64-fedora-clang, r-devel-linux-x86_64-fedora-gcc, r-patched-solaris-x86, r-release-macos-x86_64, r-oldrel-macos-x86_64