CRAN Package Check Results for Package tagcloud

Last updated on 2020-12-04 00:48:36 CET.

Flavor Version Tinstall Tcheck Ttotal Status Flags
r-devel-linux-x86_64-debian-clang 0.6 21.58 45.99 67.57 OK
r-devel-linux-x86_64-debian-gcc 0.6 14.04 38.31 52.35 OK
r-devel-linux-x86_64-fedora-clang 0.6 96.29 NOTE
r-devel-linux-x86_64-fedora-gcc 0.6 81.99 NOTE
r-devel-windows-ix86+x86_64 0.6 60.00 68.00 128.00 OK
r-patched-linux-x86_64 0.6 17.95 43.96 61.91 OK
r-patched-solaris-x86 0.6 94.60 OK
r-release-linux-x86_64 0.6 17.80 44.85 62.65 OK
r-release-macos-x86_64 0.6 OK
r-release-windows-ix86+x86_64 0.6 45.00 88.00 133.00 OK
r-oldrel-macos-x86_64 0.6 OK
r-oldrel-windows-ix86+x86_64 0.6 44.00 74.00 118.00 OK

Check Details

Version: 0.6
Check: compiled code
Result: NOTE
    File ‘tagcloud/libs/tagcloud.so’:
     Found no calls to: ‘R_registerRoutines’, ‘R_useDynamicSymbols’
    
    It is good practice to register native routines and to disable symbol
    search.
    
    See ‘Writing portable packages’ in the ‘Writing R Extensions’ manual.
Flavors: r-devel-linux-x86_64-fedora-clang, r-devel-linux-x86_64-fedora-gcc