CRAN Package Check Results for Package tadaatoolbox

Last updated on 2020-12-04 00:48:36 CET.

Flavor Version Tinstall Tcheck Ttotal Status Flags
r-devel-linux-x86_64-debian-clang 0.17.0 13.60 138.82 152.42 OK
r-devel-linux-x86_64-debian-gcc 0.17.0 10.78 106.92 117.70 OK
r-devel-linux-x86_64-fedora-clang 0.17.0 187.12 NOTE
r-devel-linux-x86_64-fedora-gcc 0.17.0 190.53 NOTE
r-devel-windows-ix86+x86_64 0.17.0 29.00 143.00 172.00 OK
r-patched-linux-x86_64 0.17.0 12.60 132.42 145.02 OK
r-patched-solaris-x86 0.17.0 252.20 NOTE
r-release-linux-x86_64 0.17.0 13.04 131.39 144.43 OK
r-release-macos-x86_64 0.17.0 NOTE
r-release-windows-ix86+x86_64 0.17.0 20.00 155.00 175.00 OK
r-oldrel-macos-x86_64 0.17.0 NOTE
r-oldrel-windows-ix86+x86_64 0.17.0 26.00 186.00 212.00 OK

Check Details

Version: 0.17.0
Check: data for non-ASCII characters
Result: NOTE
     Note: found 3 marked UTF-8 strings
Flavors: r-devel-linux-x86_64-fedora-clang, r-devel-linux-x86_64-fedora-gcc, r-patched-solaris-x86, r-release-macos-x86_64, r-oldrel-macos-x86_64