CRAN Package Check Results for Package tabulizer

Last updated on 2020-12-04 00:48:36 CET.

Flavor Version Tinstall Tcheck Ttotal Status Flags
r-devel-linux-x86_64-debian-clang 0.2.2 6.07 163.36 169.43 OK
r-devel-linux-x86_64-debian-gcc 0.2.2 4.30 126.34 130.64 OK
r-devel-linux-x86_64-fedora-clang 0.2.2 183.83 OK
r-devel-linux-x86_64-fedora-gcc 0.2.2 181.04 OK
r-devel-windows-ix86+x86_64 0.2.2 11.00 105.00 116.00 OK
r-patched-linux-x86_64 0.2.2 5.90 156.49 162.39 OK
r-patched-solaris-x86 0.2.2 151.70 OK
r-release-linux-x86_64 0.2.2 5.66 157.09 162.75 OK
r-release-macos-x86_64 0.2.2 OK
r-release-windows-ix86+x86_64 0.2.2 9.00 114.00 123.00 OK
r-oldrel-macos-x86_64 0.2.2 OK
r-oldrel-windows-ix86+x86_64 0.2.2 5.00 6.00 11.00 ERROR

Check Details

Version: 0.2.2
Check: whether package can be installed
Result: ERROR
    Installation failed.
Flavor: r-oldrel-windows-ix86+x86_64