Last updated on 2020-12-04 00:48:36 CET.
Flavor | Version | Tinstall | Tcheck | Ttotal | Status | Flags |
---|---|---|---|---|---|---|
r-devel-linux-x86_64-debian-clang | 4.1.1 | 14.38 | 110.86 | 125.24 | OK | |
r-devel-linux-x86_64-debian-gcc | 4.1.1 | 12.21 | 84.76 | 96.97 | OK | |
r-devel-linux-x86_64-fedora-clang | 4.1.1 | 153.49 | NOTE | |||
r-devel-linux-x86_64-fedora-gcc | 4.1.1 | 145.08 | NOTE | |||
r-devel-windows-ix86+x86_64 | 4.1.1 | 28.00 | 101.00 | 129.00 | OK | |
r-patched-linux-x86_64 | 4.1.1 | 15.03 | 102.41 | 117.44 | OK | |
r-patched-solaris-x86 | 4.1.1 | 200.70 | NOTE | |||
r-release-linux-x86_64 | 4.1.1 | 14.46 | 103.64 | 118.10 | OK | |
r-release-macos-x86_64 | 4.1.1 | NOTE | ||||
r-release-windows-ix86+x86_64 | 4.1.1 | 22.00 | 131.00 | 153.00 | OK | |
r-oldrel-macos-x86_64 | 4.1.1 | NOTE | ||||
r-oldrel-windows-ix86+x86_64 | 4.1.1 | 20.00 | 124.00 | 144.00 | OK |
Version: 4.1.1
Check: dependencies in R code
Result: NOTE
Namespaces in Imports field not imported from:
‘gee’ ‘survival’
All declared Imports should be used.
Flavors: r-devel-linux-x86_64-fedora-clang, r-devel-linux-x86_64-fedora-gcc, r-patched-solaris-x86, r-release-macos-x86_64, r-oldrel-macos-x86_64