Last updated on 2020-12-04 00:48:36 CET.
Flavor | Version | Tinstall | Tcheck | Ttotal | Status | Flags |
---|---|---|---|---|---|---|
r-devel-linux-x86_64-debian-clang | 1.0.4 | 9.26 | 69.98 | 79.24 | NOTE | |
r-devel-linux-x86_64-debian-gcc | 1.0.4 | 7.29 | 54.76 | 62.05 | NOTE | |
r-devel-linux-x86_64-fedora-clang | 1.0.4 | 94.89 | NOTE | |||
r-devel-linux-x86_64-fedora-gcc | 1.0.4 | 86.79 | NOTE | |||
r-devel-windows-ix86+x86_64 | 1.0.4 | 16.00 | 68.00 | 84.00 | OK | |
r-patched-linux-x86_64 | 1.0.4 | 9.28 | 65.00 | 74.28 | NOTE | |
r-patched-solaris-x86 | 1.0.4 | 124.70 | NOTE | |||
r-release-linux-x86_64 | 1.0.4 | 8.65 | 64.71 | 73.36 | NOTE | |
r-release-macos-x86_64 | 1.0.4 | OK | ||||
r-release-windows-ix86+x86_64 | 1.0.4 | 12.00 | 80.00 | 92.00 | OK | |
r-oldrel-macos-x86_64 | 1.0.4 | OK | ||||
r-oldrel-windows-ix86+x86_64 | 1.0.4 | 15.00 | 85.00 | 100.00 | OK |
Version: 1.0.4
Check: for non-standard things in the check directory
Result: NOTE
Found the following files/directories:
'test.csv'
Flavors: r-devel-linux-x86_64-debian-clang, r-devel-linux-x86_64-debian-gcc, r-devel-linux-x86_64-fedora-clang, r-devel-linux-x86_64-fedora-gcc, r-patched-linux-x86_64, r-patched-solaris-x86, r-release-linux-x86_64