CRAN Package Check Results for Package synthesis

Last updated on 2020-12-04 00:48:36 CET.

Flavor Version Tinstall Tcheck Ttotal Status Flags
r-devel-linux-x86_64-debian-clang 1.2.0 3.43 29.45 32.88 OK
r-devel-linux-x86_64-debian-gcc 1.2.0 2.61 24.36 26.97 OK
r-devel-linux-x86_64-fedora-clang 1.2.0 45.73 OK
r-devel-linux-x86_64-fedora-gcc 1.2.0 36.01 OK
r-devel-windows-ix86+x86_64 1.2.0 7.00 36.00 43.00 OK
r-patched-linux-x86_64 1.2.0 3.39 29.42 32.81 OK
r-patched-solaris-x86 1.2.0 54.80 OK
r-release-linux-x86_64 1.2.0 2.91 29.18 32.09 OK
r-release-macos-x86_64 1.2.0 OK
r-release-windows-ix86+x86_64 1.2.0 6.00 41.00 47.00 OK
r-oldrel-macos-x86_64 1.2.0 NOTE
r-oldrel-windows-ix86+x86_64 1.2.0 4.00 42.00 46.00 NOTE

Check Details

Version: 1.2.0
Check: R code for possible problems
Result: NOTE
    data.gen.Duffing: no visible global function definition for ‘plot’
    data.gen.Henon: no visible global function definition for ‘plot’
    data.gen.Logistic: no visible global function definition for ‘plot’
    data.gen.blobs: no visible global function definition for ‘plot’
    data.gen.circles: no visible global function definition for ‘plot’
    data.gen.spirals: no visible global function definition for ‘plot’
    Undefined global functions or variables:
     plot
    Consider adding
     importFrom("graphics", "plot")
    to your NAMESPACE file.
Flavors: r-oldrel-macos-x86_64, r-oldrel-windows-ix86+x86_64