Last updated on 2020-12-04 00:48:36 CET.
Flavor | Version | Tinstall | Tcheck | Ttotal | Status | Flags |
---|---|---|---|---|---|---|
r-devel-linux-x86_64-debian-clang | 1.3.5 | 29.26 | 29.88 | 59.14 | OK | |
r-devel-linux-x86_64-debian-gcc | 1.3.5 | 19.48 | 24.38 | 43.86 | OK | |
r-devel-linux-x86_64-fedora-clang | 1.3.5 | 84.60 | NOTE | |||
r-devel-linux-x86_64-fedora-gcc | 1.3.5 | 69.99 | NOTE | |||
r-devel-windows-ix86+x86_64 | 1.3.5 | 82.00 | 64.00 | 146.00 | OK | |
r-patched-linux-x86_64 | 1.3.5 | 22.68 | 27.82 | 50.50 | OK | |
r-patched-solaris-x86 | 1.3.5 | 78.70 | OK | |||
r-release-linux-x86_64 | 1.3.5 | 23.49 | 27.31 | 50.80 | OK | |
r-release-macos-x86_64 | 1.3.5 | OK | ||||
r-release-windows-ix86+x86_64 | 1.3.5 | 62.00 | 70.00 | 132.00 | OK | |
r-oldrel-macos-x86_64 | 1.3.5 | OK | ||||
r-oldrel-windows-ix86+x86_64 | 1.3.5 | 60.00 | 66.00 | 126.00 | OK |
Version: 1.3.5
Check: top-level files
Result: NOTE
possible bashism in configure line 12 (echo -n):
echo -n " checking for Sun Studio compiler..."
possible bashism in configure line 22 (echo -n):
echo -n " checking for OS..."
Flavors: r-devel-linux-x86_64-fedora-clang, r-devel-linux-x86_64-fedora-gcc